{"id":2071,"date":"2021-09-18T20:49:31","date_gmt":"2021-09-18T20:49:31","guid":{"rendered":"https:\/\/angolanembassy-nga.ao\/our-courses-2\/"},"modified":"2025-01-15T12:02:35","modified_gmt":"2025-01-15T12:02:35","slug":"servicos","status":"publish","type":"page","link":"https:\/\/angolanembassy-nga.ao\/?page_id=2071","title":{"rendered":"Servi\u00e7os"},"content":{"rendered":"\t\t<div data-elementor-type=\"wp-page\" data-elementor-id=\"2071\" class=\"elementor elementor-2071\">\n\t\t\t\t\t\t<section class=\"elementor-section elementor-top-section elementor-element elementor-element-efb95fb elementor-section-full_width elementor-section-height-min-height elementor-section-height-default elementor-section-items-middle wpr-particle-no wpr-jarallax-no wpr-parallax-no wpr-sticky-section-no\" data-id=\"efb95fb\" data-element_type=\"section\" data-settings=\"{&quot;background_background&quot;:&quot;classic&quot;}\">\n\t\t\t\t\t\t\t<div class=\"elementor-background-overlay\"><\/div>\n\t\t\t\t\t\t\t<div class=\"elementor-container elementor-column-gap-default\">\n\t\t\t\t\t<div class=\"elementor-column elementor-col-100 elementor-top-column elementor-element elementor-element-3a35f32\" data-id=\"3a35f32\" data-element_type=\"column\">\n\t\t\t<div class=\"elementor-widget-wrap elementor-element-populated\">\n\t\t\t\t\t\t<section class=\"elementor-section elementor-inner-section elementor-element elementor-element-ff7f585 elementor-section-boxed elementor-section-height-default elementor-section-height-default wpr-particle-no wpr-jarallax-no wpr-parallax-no wpr-sticky-section-no\" data-id=\"ff7f585\" data-element_type=\"section\">\n\t\t\t\t\t\t<div class=\"elementor-container elementor-column-gap-default\">\n\t\t\t\t\t<div class=\"elementor-column elementor-col-100 elementor-inner-column elementor-element elementor-element-d006822\" data-id=\"d006822\" data-element_type=\"column\">\n\t\t\t<div class=\"elementor-widget-wrap elementor-element-populated\">\n\t\t\t\t\t\t<div class=\"elementor-element elementor-element-e2d3b59 elementor-widget elementor-widget-heading\" data-id=\"e2d3b59\" data-element_type=\"widget\" data-widget_type=\"heading.default\">\n\t\t\t\t<div class=\"elementor-widget-container\">\n\t\t\t\t\t<h1 class=\"elementor-heading-title elementor-size-default\">Servi\u00e7os Consulares<\/h1>\t\t\t\t<\/div>\n\t\t\t\t<\/div>\n\t\t\t\t\t<\/div>\n\t\t<\/div>\n\t\t\t\t\t<\/div>\n\t\t<\/section>\n\t\t\t\t\t<\/div>\n\t\t<\/div>\n\t\t\t\t\t<\/div>\n\t\t<\/section>\n\t\t\t\t<section class=\"elementor-section elementor-top-section elementor-element elementor-element-912ebbd elementor-section-boxed elementor-section-height-default elementor-section-height-default wpr-particle-no wpr-jarallax-no wpr-parallax-no wpr-sticky-section-no\" data-id=\"912ebbd\" data-element_type=\"section\">\n\t\t\t\t\t\t<div class=\"elementor-container elementor-column-gap-default\">\n\t\t\t\t\t<div class=\"elementor-column elementor-col-100 elementor-top-column elementor-element elementor-element-98c2b3b\" data-id=\"98c2b3b\" data-element_type=\"column\">\n\t\t\t<div class=\"elementor-widget-wrap elementor-element-populated\">\n\t\t\t\t\t\t<div class=\"elementor-element elementor-element-3fd63b1e elementor-widget elementor-widget-heading\" data-id=\"3fd63b1e\" data-element_type=\"widget\" data-widget_type=\"heading.default\">\n\t\t\t\t<div class=\"elementor-widget-container\">\n\t\t\t\t\t<h2 class=\"elementor-heading-title elementor-size-default\">Servi\u00e7os Consulares<\/h2>\t\t\t\t<\/div>\n\t\t\t\t<\/div>\n\t\t\t\t<div class=\"elementor-element elementor-element-1a294060 elementor-widget-divider--view-line elementor-widget elementor-widget-divider\" data-id=\"1a294060\" data-element_type=\"widget\" data-widget_type=\"divider.default\">\n\t\t\t\t<div class=\"elementor-widget-container\">\n\t\t\t\t\t\t\t<div class=\"elementor-divider\">\n\t\t\t<span class=\"elementor-divider-separator\">\n\t\t\t\t\t\t<\/span>\n\t\t<\/div>\n\t\t\t\t\t\t<\/div>\n\t\t\t\t<\/div>\n\t\t\t\t\t<\/div>\n\t\t<\/div>\n\t\t\t\t\t<\/div>\n\t\t<\/section>\n\t\t\t\t<section class=\"elementor-section elementor-top-section elementor-element elementor-element-25d24fc elementor-section-boxed elementor-section-height-default elementor-section-height-default wpr-particle-no wpr-jarallax-no wpr-parallax-no wpr-sticky-section-no\" data-id=\"25d24fc\" data-element_type=\"section\">\n\t\t\t\t\t\t<div class=\"elementor-container elementor-column-gap-default\">\n\t\t\t\t\t<div class=\"elementor-column elementor-col-50 elementor-top-column elementor-element elementor-element-4a828837\" data-id=\"4a828837\" data-element_type=\"column\">\n\t\t\t<div class=\"elementor-widget-wrap elementor-element-populated\">\n\t\t\t\t\t\t<div class=\"elementor-element elementor-element-9241ab0 elementor-widget elementor-widget-text-editor\" data-id=\"9241ab0\" data-element_type=\"widget\" data-widget_type=\"text-editor.default\">\n\t\t\t\t<div class=\"elementor-widget-container\">\n\t\t\t\t\t\t\t\t\t<div class=\"tm-row wpb_row vc_row-fluid vc_custom_1564656836816 tm-overlap-row tm-zindex-0 vc_row container tm-bgimage-position-center_center\"><div class=\"wpb_column tm-column vc_column_container vc_col-sm-12 tm-zindex-0\"><div class=\"vc_column-inner \"><div class=\"wpb_wrapper\"><div class=\"wpb_text_column wpb_content_element \"><div class=\"wpb_wrapper\"><p>ABUJA, LAGOS E BENIN<\/p><p class=\"p3\">HOR\u00c1RIO DE ATENDIMENTO<\/p><p class=\"p3\">De 2\u00aa \u00e0 6\u00aa Feira<\/p><p class=\"p3\">Das 10h00 \u00e0s 14h00<\/p><p class=\"p3\">TABELA DE EMOLUMENTOS<\/p><p class=\"p3\"><a href=\"https:\/\/angolanembassy-nga.ao\/?page_id=2965\">Link Emolumentos<\/a><\/p><p class=\"p3\">AGENDAMENTOS ON-LINE<\/p><p class=\"p6\">(Temporariamente indispon\u00edvel. Apenas por via E-mail ou por Telefone)<\/p><p class=\"p6\">\u00a0<\/p><\/div><\/div><\/div><\/div><\/div><\/div>\t\t\t\t\t\t\t\t<\/div>\n\t\t\t\t<\/div>\n\t\t\t\t\t<\/div>\n\t\t<\/div>\n\t\t\t\t<div class=\"elementor-column elementor-col-50 elementor-top-column elementor-element elementor-element-3aed02f\" data-id=\"3aed02f\" data-element_type=\"column\">\n\t\t\t<div class=\"elementor-widget-wrap elementor-element-populated\">\n\t\t\t\t\t\t<div class=\"elementor-element elementor-element-ee08d17 elementor-widget elementor-widget-text-editor\" data-id=\"ee08d17\" data-element_type=\"widget\" data-widget_type=\"text-editor.default\">\n\t\t\t\t<div class=\"elementor-widget-container\">\n\t\t\t\t\t\t\t\t\t<div class=\"tm-row wpb_row vc_row-fluid vc_custom_1564656836816 tm-overlap-row tm-zindex-0 vc_row container tm-bgimage-position-center_center\"><div class=\"wpb_column tm-column vc_column_container vc_col-sm-12 tm-zindex-0\"><div class=\"vc_column-inner \"><div class=\"wpb_wrapper\"><div class=\"wpb_text_column wpb_content_element \"><div class=\"wpb_wrapper\"><p class=\"p6\">CONTACTOS<\/p><p class=\"p6\">Phone: +234 7074 77 9833\/9860<span class=\"Apple-converted-space\">\u00a0<\/span><\/p><p class=\"p8\"><span class=\"s1\">E-mail: <a href=\"mailto:info@angolanembassy-nga.ao\"><span class=\"s2\">info@angolanembassy-nga.ao<\/span><\/a><\/span><\/p><p class=\"p8\"><span class=\"s1\">E-mail: <a href=\"mailto:sconsular.abuja@angolanembassy-nga.ao\"><span class=\"s2\">sconsular.abuja@angolanembassy-nga.ao<\/span><\/a><\/span><\/p><p class=\"p8\"><span class=\"s1\">E-mail: <a href=\"mailto:sec.economico@angolanembassy-nga.ao\"><span class=\"s2\">sec.economico@angolanembassy-nga.ao<\/span><\/a><\/span><\/p><p class=\"p8\"><span class=\"s3\"><a href=\"http:\/\/www.angolanembassy-nga.ao\"><b>www.angolanembassy-nga.ao<\/b><\/a><\/span><\/p><p class=\"p6\">Office Address:<\/p><p class=\"p6\">321 Diplomatic Drive<\/p><p class=\"p6\">Central Area Abuja &#8211; Nigeria<\/p><\/div><\/div><\/div><\/div><\/div><\/div>\t\t\t\t\t\t\t\t<\/div>\n\t\t\t\t<\/div>\n\t\t\t\t\t<\/div>\n\t\t<\/div>\n\t\t\t\t\t<\/div>\n\t\t<\/section>\n\t\t\t\t<section class=\"elementor-section elementor-top-section elementor-element elementor-element-044b8d0 elementor-section-boxed elementor-section-height-default elementor-section-height-default wpr-particle-no wpr-jarallax-no wpr-parallax-no wpr-sticky-section-no\" data-id=\"044b8d0\" data-element_type=\"section\" data-settings=\"{&quot;background_background&quot;:&quot;gradient&quot;}\">\n\t\t\t\t\t\t\t<div class=\"elementor-background-overlay\"><\/div>\n\t\t\t\t\t\t\t<div class=\"elementor-container elementor-column-gap-default\">\n\t\t\t\t\t<div class=\"elementor-column elementor-col-100 elementor-top-column elementor-element elementor-element-aa8825b\" data-id=\"aa8825b\" data-element_type=\"column\">\n\t\t\t<div class=\"elementor-widget-wrap elementor-element-populated\">\n\t\t\t\t\t\t<div class=\"elementor-element elementor-element-871a088 elementor-widget elementor-widget-spacer\" data-id=\"871a088\" data-element_type=\"widget\" data-widget_type=\"spacer.default\">\n\t\t\t\t<div class=\"elementor-widget-container\">\n\t\t\t\t\t\t\t<div class=\"elementor-spacer\">\n\t\t\t<div class=\"elementor-spacer-inner\"><\/div>\n\t\t<\/div>\n\t\t\t\t\t\t<\/div>\n\t\t\t\t<\/div>\n\t\t\t\t\t<\/div>\n\t\t<\/div>\n\t\t\t\t\t<\/div>\n\t\t<\/section>\n\t\t\t\t<section class=\"elementor-section elementor-top-section elementor-element elementor-element-aaf0657 elementor-section-boxed elementor-section-height-default elementor-section-height-default wpr-particle-no wpr-jarallax-no wpr-parallax-no wpr-sticky-section-no\" data-id=\"aaf0657\" data-element_type=\"section\">\n\t\t\t\t\t\t<div class=\"elementor-container elementor-column-gap-default\">\n\t\t\t\t\t<div class=\"elementor-column elementor-col-100 elementor-top-column elementor-element elementor-element-bfd792f\" data-id=\"bfd792f\" data-element_type=\"column\">\n\t\t\t<div class=\"elementor-widget-wrap elementor-element-populated\">\n\t\t\t\t\t\t<div class=\"elementor-element elementor-element-5b47a88 elementor-widget elementor-widget-text-editor\" data-id=\"5b47a88\" data-element_type=\"widget\" data-widget_type=\"text-editor.default\">\n\t\t\t\t<div class=\"elementor-widget-container\">\n\t\t\t\t\t\t\t\t\t<div class=\"tm-row wpb_row vc_row-fluid vc_custom_1564656836816 tm-overlap-row tm-zindex-0 vc_row container tm-bgimage-position-center_center\"><div class=\"wpb_column tm-column vc_column_container vc_col-sm-12 tm-zindex-0\"><div class=\"vc_column-inner \"><div class=\"wpb_wrapper\"><div class=\"wpb_text_column wpb_content_element \"><div class=\"wpb_wrapper\"><p class=\"p1\">BILHETE DE IDENTIDADE<\/p><p class=\"p1\">i \u2013 Pela 1\u00aa Vez<\/p><p class=\"p2\">ii \u2013 Pela 2\u00aa Vez<\/p><p class=\"p1\">iii \u2013 Renova\u00e7\u00e3o BI por Caducidade.<\/p><p>\u00a0<\/p><p class=\"p4\">INSCRI\u00c7\u00c3O CONSULAR<\/p><p class=\"p4\">i \u2013 Inscri\u00e7\u00e3o Consular<\/p><p class=\"p4\">ii \u2013 Inscri\u00e7\u00e3o Consular 2\u00aa Vez<\/p><p>\u00a0<\/p><p class=\"p4\">REGISTOS<\/p><p class=\"p5\"><span class=\"s1\"> i \u2013 <\/span>Registo de nascimento por transcri\u00e7\u00e3o para menores<\/p><p class=\"p5\">ii\u2013 Registo por transcri\u00e7\u00e3o do nascimento para maiores de 14 anos<\/p><p class=\"p5\">iii \u2013 Registo em perfilha\u00e7\u00e3o<\/p><p class=\"p6\">iv \u2013 Processo para Transcri\u00e7\u00e3o de Casamento em Angola celebrado em Conservat\u00f3ria sem Capacidade Matrimonialmente (entre nacionais angolanos)<\/p><p class=\"p6\">v \u2013 Processo de casamento (entre nacionais angolanos)<\/p><p class=\"p6\">vi \u2013 Processo de casamento (entre cidad\u00e3os nacional e estrangeiro)<\/p><p class=\"p6\">vii \u2013 Processo de capacidade matrimonial<\/p><p class=\"p6\">viii \u2013 Processo de transcri\u00e7\u00e3o de casamento<\/p><p class=\"p6\">iix \u2013 Remessa de Nascimento<\/p><p class=\"p6\">ix \u2013 Remessa de Casamento<\/p><p class=\"p6\">x \u2013 Remessa de Capacidade Matrimonial<\/p><p>\u00a0<\/p><p class=\"p1\">NOTARIADO<\/p><p class=\"p9\">i &#8211; Procura\u00e7\u00f5es e substabelecimentos<\/p><p class=\"p9\">ii \u2013 Autentica\u00e7\u00f5es de Documentos<\/p><p class=\"p9\">iii \u2013 Recenseamento Militar<\/p><p class=\"p9\">iv \u2013 Declara\u00e7\u00e3o Prova de Vida<\/p><p class=\"p9\">v \u2013 Registo Criminal<\/p><p>\u00a0<\/p><p class=\"p1\">MIGRA\u00c7\u00c3O<\/p><p class=\"p9\">i \u2013 Regime Jur\u00eddico dos Estrangeiros na Rep\u00fablica de Angola<\/p><p class=\"p9\">ii \u2013 Regulamento Regime Jur\u00eddico de Estrangeiros em Angola<\/p><p class=\"p9\">ii \u2013 Protocolo Bilateral sobre Vistos<\/p><p>\u00a0<\/p><p class=\"p1\">VISTOS<\/p><p class=\"p9\">i &#8211; Ordin\u00e1rio (Protocolo bilateral entre Angola e Nig\u00e9ria)<\/p><p class=\"p9\">ii \u2013 De Turismo<\/p><p class=\"p9\">iii \u2013 De estudo<\/p><p class=\"p9\">iv \u2013 De fixa\u00e7\u00e3o e resid\u00eancia<\/p><p class=\"p9\">v \u2013 De perman\u00eancia tempor\u00e1ria<\/p><p class=\"p9\">vi \u2013 Privilegiado<\/p><p class=\"p9\">vii \u2013 De trabalho<\/p><p class=\"p9\">viii \u2013 De tratamento m\u00e9dico<\/p><p class=\"p9\">iix \u2013 De Cortesia<\/p><p class=\"p9\">ix \u2013 De curta dura\u00e7\u00e3o<\/p><p class=\"p9\">x \u2013 De tr\u00e2nsito<\/p><p>\u00a0<\/p><p class=\"p9\">PASSAPORTE<\/p><p class=\"p9\">i \u2013 Passaporte Nacional<\/p><p class=\"p9\">ii \u2013 Declara\u00e7\u00e3o para o NIS\/SME<\/p><p class=\"p9\">iii \u2013 Salvo-conduto<\/p><p>\u00a0<\/p><p class=\"p9\">DECLARA\u00c7\u00d5ES<\/p><p class=\"p9\">i \u2013 Para confirma\u00e7\u00e3o de nacionalidade<\/p><p class=\"p9\">ii \u2013 De Prova de Vida<\/p><p class=\"p9\">iii \u2013 Em que n\u00e3o est\u00e1 ao servi\u00e7o do Estado de Angola<\/p><p class=\"p9\">iv \u2013 Diversas<\/p><p class=\"p9\">REGISTO DE NAVIOS<\/p><p class=\"p9\">(Link PDF)<\/p><p class=\"p9\">RECENSEAMENTO MILITAR<\/p><\/div><\/div><\/div><\/div><\/div><\/div>\t\t\t\t\t\t\t\t<\/div>\n\t\t\t\t<\/div>\n\t\t\t\t<div class=\"elementor-element elementor-element-1f3b49c elementor-widget elementor-widget-spacer\" data-id=\"1f3b49c\" data-element_type=\"widget\" data-widget_type=\"spacer.default\">\n\t\t\t\t<div class=\"elementor-widget-container\">\n\t\t\t\t\t\t\t<div class=\"elementor-spacer\">\n\t\t\t<div class=\"elementor-spacer-inner\"><\/div>\n\t\t<\/div>\n\t\t\t\t\t\t<\/div>\n\t\t\t\t<\/div>\n\t\t\t\t\t<\/div>\n\t\t<\/div>\n\t\t\t\t\t<\/div>\n\t\t<\/section>\n\t\t\t\t<\/div>\n\t\t","protected":false},"excerpt":{"rendered":"<p>Servi\u00e7os Consulares Servi\u00e7os Consulares ABUJA, LAGOS E BENIN HOR\u00c1RIO DE ATENDIMENTO De 2\u00aa \u00e0 6\u00aa Feira Das 10h00 \u00e0s 14h00 TABELA DE EMOLUMENTOS Link Emolumentos AGENDAMENTOS ON-LINE (Temporariamente indispon\u00edvel. Apenas<\/p>\n","protected":false},"author":1,"featured_media":0,"parent":0,"menu_order":0,"comment_status":"closed","ping_status":"closed","template":"elementor_header_footer","meta":{"footnotes":""},"class_list":["post-2071","page","type-page","status-publish","hentry","rishi-post","no-post-thumbnail"],"rishi__cb_customizer_meta":"","yoast_head":"<!-- This site is optimized with the Yoast SEO plugin v26.6 - https:\/\/yoast.com\/wordpress\/plugins\/seo\/ -->\n<title>Servi\u00e7os - Embassy of the Republic of Angola in Nigeria<\/title>\n<meta name=\"robots\" content=\"index, follow, max-snippet:-1, max-image-preview:large, max-video-preview:-1\" \/>\n<link rel=\"canonical\" href=\"https:\/\/angolanembassy-nga.ao\/?page_id=2071\" \/>\n<meta property=\"og:locale\" content=\"pt_PT\" \/>\n<meta property=\"og:type\" content=\"article\" \/>\n<meta property=\"og:title\" content=\"Servi\u00e7os - Embassy of the Republic of Angola in Nigeria\" \/>\n<meta property=\"og:description\" content=\"Servi\u00e7os Consulares Servi\u00e7os Consulares ABUJA, LAGOS E BENIN HOR\u00c1RIO DE ATENDIMENTO De 2\u00aa \u00e0 6\u00aa Feira Das 10h00 \u00e0s 14h00 TABELA DE EMOLUMENTOS Link Emolumentos AGENDAMENTOS ON-LINE (Temporariamente indispon\u00edvel. Apenas\" \/>\n<meta property=\"og:url\" content=\"https:\/\/angolanembassy-nga.ao\/?page_id=2071\" \/>\n<meta property=\"og:site_name\" content=\"Embassy of the Republic of Angola in Nigeria\" \/>\n<meta property=\"article:publisher\" content=\"https:\/\/www.facebook.com\/profile.php?id=100092410200459\" \/>\n<meta property=\"article:modified_time\" content=\"2025-01-15T12:02:35+00:00\" \/>\n<meta name=\"twitter:card\" content=\"summary_large_image\" \/>\n<meta name=\"twitter:site\" content=\"@AngolaNigeria\" \/>\n<meta name=\"twitter:label1\" content=\"Tempo estimado de leitura\" \/>\n\t<meta name=\"twitter:data1\" content=\"2 minutos\" \/>\n<script type=\"application\/ld+json\" class=\"yoast-schema-graph\">{\"@context\":\"https:\/\/schema.org\",\"@graph\":[{\"@type\":\"WebPage\",\"@id\":\"https:\/\/angolanembassy-nga.ao\/?page_id=2071\",\"url\":\"https:\/\/angolanembassy-nga.ao\/?page_id=2071\",\"name\":\"Servi\u00e7os - Embassy of the Republic of Angola in Nigeria\",\"isPartOf\":{\"@id\":\"https:\/\/angolanembassy-nga.ao\/#website\"},\"datePublished\":\"2021-09-18T20:49:31+00:00\",\"dateModified\":\"2025-01-15T12:02:35+00:00\",\"breadcrumb\":{\"@id\":\"https:\/\/angolanembassy-nga.ao\/?page_id=2071#breadcrumb\"},\"inLanguage\":\"pt-PT\",\"potentialAction\":[{\"@type\":\"ReadAction\",\"target\":[\"https:\/\/angolanembassy-nga.ao\/?page_id=2071\"]}]},{\"@type\":\"BreadcrumbList\",\"@id\":\"https:\/\/angolanembassy-nga.ao\/?page_id=2071#breadcrumb\",\"itemListElement\":[{\"@type\":\"ListItem\",\"position\":1,\"name\":\"In\u00edcio\",\"item\":\"https:\/\/angolanembassy-nga.ao\/\"},{\"@type\":\"ListItem\",\"position\":2,\"name\":\"Servi\u00e7os\"}]},{\"@type\":\"WebSite\",\"@id\":\"https:\/\/angolanembassy-nga.ao\/#website\",\"url\":\"https:\/\/angolanembassy-nga.ao\/\",\"name\":\"Embassy of the Republic of Angola in Nigeria\",\"description\":\"Embassy of the Republic of Angola in Nigeria\",\"publisher\":{\"@id\":\"https:\/\/angolanembassy-nga.ao\/#organization\"},\"potentialAction\":[{\"@type\":\"SearchAction\",\"target\":{\"@type\":\"EntryPoint\",\"urlTemplate\":\"https:\/\/angolanembassy-nga.ao\/?s={search_term_string}\"},\"query-input\":{\"@type\":\"PropertyValueSpecification\",\"valueRequired\":true,\"valueName\":\"search_term_string\"}}],\"inLanguage\":\"pt-PT\"},{\"@type\":\"Organization\",\"@id\":\"https:\/\/angolanembassy-nga.ao\/#organization\",\"name\":\"Embaixada de Angola na Nigeria\",\"alternateName\":\"Angolan Embassy in Nigeria\",\"url\":\"https:\/\/angolanembassy-nga.ao\/\",\"logo\":{\"@type\":\"ImageObject\",\"inLanguage\":\"pt-PT\",\"@id\":\"https:\/\/angolanembassy-nga.ao\/#\/schema\/logo\/image\/\",\"url\":\"https:\/\/angolanembassy-nga.ao\/wp-content\/uploads\/2023\/04\/Logo-FB-01.jpg\",\"contentUrl\":\"https:\/\/angolanembassy-nga.ao\/wp-content\/uploads\/2023\/04\/Logo-FB-01.jpg\",\"width\":2134,\"height\":2134,\"caption\":\"Embaixada de Angola na Nigeria\"},\"image\":{\"@id\":\"https:\/\/angolanembassy-nga.ao\/#\/schema\/logo\/image\/\"},\"sameAs\":[\"https:\/\/www.facebook.com\/profile.php?id=100092410200459\",\"https:\/\/x.com\/AngolaNigeria\"]}]}<\/script>\n<!-- \/ Yoast SEO plugin. -->","yoast_head_json":{"title":"Servi\u00e7os - Embassy of the Republic of Angola in Nigeria","robots":{"index":"index","follow":"follow","max-snippet":"max-snippet:-1","max-image-preview":"max-image-preview:large","max-video-preview":"max-video-preview:-1"},"canonical":"https:\/\/angolanembassy-nga.ao\/?page_id=2071","og_locale":"pt_PT","og_type":"article","og_title":"Servi\u00e7os - Embassy of the Republic of Angola in Nigeria","og_description":"Servi\u00e7os Consulares Servi\u00e7os Consulares ABUJA, LAGOS E BENIN HOR\u00c1RIO DE ATENDIMENTO De 2\u00aa \u00e0 6\u00aa Feira Das 10h00 \u00e0s 14h00 TABELA DE EMOLUMENTOS Link Emolumentos AGENDAMENTOS ON-LINE (Temporariamente indispon\u00edvel. Apenas","og_url":"https:\/\/angolanembassy-nga.ao\/?page_id=2071","og_site_name":"Embassy of the Republic of Angola in Nigeria","article_publisher":"https:\/\/www.facebook.com\/profile.php?id=100092410200459","article_modified_time":"2025-01-15T12:02:35+00:00","twitter_card":"summary_large_image","twitter_site":"@AngolaNigeria","twitter_misc":{"Tempo estimado de leitura":"2 minutos"},"schema":{"@context":"https:\/\/schema.org","@graph":[{"@type":"WebPage","@id":"https:\/\/angolanembassy-nga.ao\/?page_id=2071","url":"https:\/\/angolanembassy-nga.ao\/?page_id=2071","name":"Servi\u00e7os - Embassy of the Republic of Angola in Nigeria","isPartOf":{"@id":"https:\/\/angolanembassy-nga.ao\/#website"},"datePublished":"2021-09-18T20:49:31+00:00","dateModified":"2025-01-15T12:02:35+00:00","breadcrumb":{"@id":"https:\/\/angolanembassy-nga.ao\/?page_id=2071#breadcrumb"},"inLanguage":"pt-PT","potentialAction":[{"@type":"ReadAction","target":["https:\/\/angolanembassy-nga.ao\/?page_id=2071"]}]},{"@type":"BreadcrumbList","@id":"https:\/\/angolanembassy-nga.ao\/?page_id=2071#breadcrumb","itemListElement":[{"@type":"ListItem","position":1,"name":"In\u00edcio","item":"https:\/\/angolanembassy-nga.ao\/"},{"@type":"ListItem","position":2,"name":"Servi\u00e7os"}]},{"@type":"WebSite","@id":"https:\/\/angolanembassy-nga.ao\/#website","url":"https:\/\/angolanembassy-nga.ao\/","name":"Embassy of the Republic of Angola in Nigeria","description":"Embassy of the Republic of Angola in Nigeria","publisher":{"@id":"https:\/\/angolanembassy-nga.ao\/#organization"},"potentialAction":[{"@type":"SearchAction","target":{"@type":"EntryPoint","urlTemplate":"https:\/\/angolanembassy-nga.ao\/?s={search_term_string}"},"query-input":{"@type":"PropertyValueSpecification","valueRequired":true,"valueName":"search_term_string"}}],"inLanguage":"pt-PT"},{"@type":"Organization","@id":"https:\/\/angolanembassy-nga.ao\/#organization","name":"Embaixada de Angola na Nigeria","alternateName":"Angolan Embassy in Nigeria","url":"https:\/\/angolanembassy-nga.ao\/","logo":{"@type":"ImageObject","inLanguage":"pt-PT","@id":"https:\/\/angolanembassy-nga.ao\/#\/schema\/logo\/image\/","url":"https:\/\/angolanembassy-nga.ao\/wp-content\/uploads\/2023\/04\/Logo-FB-01.jpg","contentUrl":"https:\/\/angolanembassy-nga.ao\/wp-content\/uploads\/2023\/04\/Logo-FB-01.jpg","width":2134,"height":2134,"caption":"Embaixada de Angola na Nigeria"},"image":{"@id":"https:\/\/angolanembassy-nga.ao\/#\/schema\/logo\/image\/"},"sameAs":["https:\/\/www.facebook.com\/profile.php?id=100092410200459","https:\/\/x.com\/AngolaNigeria"]}]}},"_links":{"self":[{"href":"https:\/\/angolanembassy-nga.ao\/index.php?rest_route=\/wp\/v2\/pages\/2071","targetHints":{"allow":["GET"]}}],"collection":[{"href":"https:\/\/angolanembassy-nga.ao\/index.php?rest_route=\/wp\/v2\/pages"}],"about":[{"href":"https:\/\/angolanembassy-nga.ao\/index.php?rest_route=\/wp\/v2\/types\/page"}],"author":[{"embeddable":true,"href":"https:\/\/angolanembassy-nga.ao\/index.php?rest_route=\/wp\/v2\/users\/1"}],"replies":[{"embeddable":true,"href":"https:\/\/angolanembassy-nga.ao\/index.php?rest_route=%2Fwp%2Fv2%2Fcomments&post=2071"}],"version-history":[{"count":58,"href":"https:\/\/angolanembassy-nga.ao\/index.php?rest_route=\/wp\/v2\/pages\/2071\/revisions"}],"predecessor-version":[{"id":13462,"href":"https:\/\/angolanembassy-nga.ao\/index.php?rest_route=\/wp\/v2\/pages\/2071\/revisions\/13462"}],"wp:attachment":[{"href":"https:\/\/angolanembassy-nga.ao\/index.php?rest_route=%2Fwp%2Fv2%2Fmedia&parent=2071"}],"curies":[{"name":"wp","href":"https:\/\/api.w.org\/{rel}","templated":true}]}}